{"id":294,"date":"2021-07-12T12:18:21","date_gmt":"2021-07-12T12:18:21","guid":{"rendered":"https:\/\/szablon.pawelkepa.pl\/demo1\/?page_id=294"},"modified":"2025-09-24T15:36:20","modified_gmt":"2025-09-24T13:36:20","slug":"o-nas","status":"publish","type":"page","link":"https:\/\/wowbhp.pl\/?page_id=294","title":{"rendered":"O mnie"},"content":{"rendered":"\n<div class=\"wp-block-getwid-section alignfull alignfull getwid-section-content-custom-width\"><div class=\"wp-block-getwid-section__wrapper getwid-padding-left-medium getwid-padding-right-medium\" style=\"padding-top:80px;padding-bottom:0px\"><div class=\"wp-block-getwid-section__inner-wrapper\" style=\"max-width:1140px\"><div class=\"wp-block-getwid-section__background-holder\"><div class=\"wp-block-getwid-section__background has-background\" style=\"background-color:#ebebeb\"><\/div><div class=\"wp-block-getwid-section__foreground\"><\/div><\/div><div class=\"wp-block-getwid-section__content\"><div class=\"wp-block-getwid-section__inner-content\">\n<div class=\"wp-block-columns is-layout-flex wp-container-core-columns-is-layout-9d6595d7 wp-block-columns-is-layout-flex\">\n<div class=\"wp-block-column is-layout-flow wp-block-column-is-layout-flow\" style=\"flex-basis:33.33%\">\n<figure class=\"wp-block-image size-large\"><img loading=\"lazy\" decoding=\"async\" width=\"682\" height=\"1024\" src=\"https:\/\/wowbhp.pl\/wp-content\/uploads\/2025\/09\/OmonkowskaW-682x1024.jpg\" alt=\"\" class=\"wp-image-1026\" srcset=\"https:\/\/wowbhp.pl\/wp-content\/uploads\/2025\/09\/OmonkowskaW-682x1024.jpg 682w, https:\/\/wowbhp.pl\/wp-content\/uploads\/2025\/09\/OmonkowskaW-200x300.jpg 200w, https:\/\/wowbhp.pl\/wp-content\/uploads\/2025\/09\/OmonkowskaW-768x1153.jpg 768w, https:\/\/wowbhp.pl\/wp-content\/uploads\/2025\/09\/OmonkowskaW.jpg 918w\" sizes=\"auto, (max-width: 682px) 100vw, 682px\" \/><\/figure>\n\n\n\n<div style=\"height:40px\" aria-hidden=\"true\" class=\"wp-block-spacer\"><\/div>\n<\/div>\n\n\n\n<div class=\"wp-block-column is-vertically-aligned-stretch is-layout-flow wp-block-column-is-layout-flow\" style=\"flex-basis:66.66%\">\n<h4 class=\"wp-block-heading\">Kim jestem?<\/h4>\n\n\n\n<p class=\"has-black-color has-text-color has-link-color wp-elements-42aff0010783e5ab61923116f9ac529d\">Mam na imi\u0119 Wioletta i od 20 lat jestem blisko produkcji. <\/p>\n\n\n\n<p class=\"has-black-color has-text-color has-link-color wp-elements-9cfd65771ba81c7d7a71f3801f1add72\">Jestem za\u0142o\u017cycielem marki <strong><mark style=\"background-color:rgba(0, 0, 0, 0);color:#1f48ff\" class=\"has-inline-color\">WOwBHP<\/mark><\/strong>, gdzie \u0142\u0105cz\u0119 nowoczesne podej\u015bcie do bhp z do\u015bwiadczeniem eksperta od organizacji bezpiecznych warunk\u00f3w pracy.<\/p>\n\n\n\n<p class=\"has-black-color has-text-color has-link-color wp-elements-6863753c243923da0bd0d7a8a947ecbe\">Znam od podszewki, jak wygl\u0105daj\u0105 kontrole, audyty i codzienne zmagania z przepisami.<\/p>\n\n\n\n<p class=\"has-black-color has-text-color has-link-color wp-elements-28b1f3421ab27ca7227520eb0dc27683\">Bior\u0119 na siebie ca\u0142e BHP w firmie tak, \u017ceby\u015b m\u00f3g\u0142 skupi\u0107 si\u0119 na biznesie, a nie na papierach. Pilnuj\u0119 zgodno\u015bci z prawem, ale robi\u0119 to po ludzku \u2013 przepisy przek\u0142adam na proste rozwi\u0105zania, kt\u00f3re realnie chroni\u0105 ludzi i wspieraj\u0105 rozw\u00f3j firmy.<\/p>\n\n\n\n<p class=\"has-black-color has-text-color has-link-color wp-elements-bcf05b7ec12573e74bf1f95efeb8f475\">Moi klienci m\u00f3wi\u0105, \u017ce ze mn\u0105 zamiast problem\u00f3w dostaj\u0105 gotowe odpowiedzi. <\/p>\n\n\n\n<p class=\"has-black-color has-text-color has-link-color wp-elements-b620d3758246f3e426b620c11657c898\">Wspieram te\u017c m\u0142odszych specjalist\u00f3w, podpowiadam im sprawdzone sposoby, dzi\u0119ki kt\u00f3rym szybciej \u0142api\u0105, jak dzia\u0142a ta bran\u017ca.<\/p>\n\n\n\n<div style=\"height:20px\" aria-hidden=\"true\" class=\"wp-block-spacer\"><\/div>\n<\/div>\n<\/div>\n<\/div><\/div><\/div><\/div><\/div>\n\n\n\n<div class=\"wp-block-getwid-section alignfull alignfull getwid-section-content-custom-width\"><div class=\"wp-block-getwid-section__wrapper getwid-padding-left-medium getwid-padding-right-medium\" style=\"padding-top:80px;padding-bottom:20px\"><div class=\"wp-block-getwid-section__inner-wrapper\" style=\"max-width:1140px\"><div class=\"wp-block-getwid-section__background-holder\"><div class=\"wp-block-getwid-section__background has-background\" style=\"background-color:#ebebeb\"><\/div><div class=\"wp-block-getwid-section__foreground\"><\/div><\/div><div class=\"wp-block-getwid-section__content\"><div class=\"wp-block-getwid-section__inner-content\">\n<h3 class=\"wp-block-heading has-text-align-center\">Jak dzia\u0142am?<\/h3>\n\n\n\n<p class=\"has-text-align-center\"><mark style=\"background-color:rgba(0, 0, 0, 0);color:#1f48ff\" class=\"has-inline-color\"><strong>Pracuj\u0119 online i telefonicznie, aby oszcz\u0119dzi\u0107 Tw\u00f3j czas i pieni\u0105dze.<\/strong><\/mark><\/p>\n\n\n\n<p class=\"has-black-color has-text-color has-link-color wp-elements-4cd496614d5c0c3487bae4f645dea159\"> Nie musisz organizowa\u0107 spotka\u0144 w firmie ani dopasowywa\u0107 grafiku. Wszystko za\u0142atwiamy sprawnie, kiedy Tobie pasuje.<\/p>\n\n\n\n<p class=\"has-black-color has-text-color has-link-color wp-elements-892886d996bd448ea2931e644c077e0e\">Dzi\u0119ki temu masz szybki <strong>dost\u0119p <\/strong>do wiedzy i dokument\u00f3w, bez wzgl\u0119du na to, gdzie jeste\u015b. Mo\u017cemy w ka\u017cdej chwili om\u00f3wi\u0107 sytuacj\u0119, rozwi\u0105za\u0107 problem czy przygotowa\u0107 firm\u0119 do kontroli.<\/p>\n\n\n\n<p class=\"has-black-color has-text-color has-link-color wp-elements-18e1996b65b60a154576acac63418d9f\">Takie rozwi\u0105zanie daje Ci wi\u0119ksz\u0105 elastyczno\u015b\u0107 i poczucie, \u017ce wsparcie masz zawsze pod r\u0119k\u0105.<\/p>\n\n\n\n<div style=\"height:0px\" aria-hidden=\"true\" class=\"wp-block-spacer\"><\/div>\n\n\n\n<div class=\"wp-block-columns has-3-columns is-layout-flex wp-container-core-columns-is-layout-9d6595d7 wp-block-columns-is-layout-flex\">\n<div class=\"wp-block-column is-layout-flow wp-block-column-is-layout-flow\">\n<h4 class=\"wp-block-heading\">Wsp\u00f3\u0142praca z firmami:<\/h4>\n\n\n\n<p><\/p>\n\n\n\n<ol class=\"wp-block-list\">\n<li class=\"has-black-color has-text-color has-link-color wp-elements-14d9fe82bc0d49b76b7a1093735e9718\">Rozmawiamy, poznaj\u0119 Twoj\u0105 firm\u0119, pytam, s\u0142ucham i sprawdzam, czego potrzebujesz.<\/li>\n\n\n\n<li>Analizuj\u0119 dokumentacj\u0119, warunki pracy i co mo\u017ce sprawdzi\u0107 kontrola.<\/li>\n\n\n\n<li>Przygotowuj\u0119 gotowe rozwi\u0105zania. Dokumenty, instrukcje dopasowane do Twojej dzia\u0142alno\u015bci.<\/li>\n\n\n\n<li>T\u0142umacz\u0119, wspieram, przygotowuj\u0119 na kontrol\u0119.<\/li>\n\n\n\n<li>Zostajemy w sta\u0142ym kontakcie.<\/li>\n<\/ol>\n<\/div>\n\n\n\n<div class=\"wp-block-column is-layout-flow wp-block-column-is-layout-flow\">\n<h4 class=\"wp-block-heading\">      Wsp\u00f3\u0142praca ze specjalistami:<\/h4>\n\n\n\n<p><\/p>\n\n\n\n<ol class=\"wp-block-list\">\n<li>Rozmawiamy, poznaj\u0119 Twoje obawy, trudno\u015bci, kt\u00f3re chcesz pokona\u0107.<\/li>\n\n\n\n<li>Analizujemy sytuacje w jakiej si\u0119 znajdujesz i na jakim jeste\u015b etapie zawodowym.<\/li>\n\n\n\n<li>Otrzymujesz praktyczne wskaz\u00f3wki, przyk\u0142ady dokument\u00f3w, podpowiedzi jak ogarn\u0105\u0107 kontrol\u0119 czy audyt.<\/li>\n\n\n\n<li>T\u0142umacz\u0119, wspieram, nie zostawiam Ci\u0119 bez odpowiedzi na Twoje pytania.<\/li>\n<\/ol>\n<\/div>\n<\/div>\n\n\n\n<hr class=\"wp-block-separator has-alpha-channel-opacity\"\/>\n<\/div><\/div><\/div><\/div><\/div>\n\n\n\n<div class=\"wp-block-getwid-section alignfull alignfull getwid-section-content-custom-width\"><div class=\"wp-block-getwid-section__wrapper getwid-padding-left-medium getwid-padding-right-medium\" style=\"padding-top:80px;padding-bottom:20px\"><div class=\"wp-block-getwid-section__inner-wrapper\" style=\"max-width:1140px\"><div class=\"wp-block-getwid-section__background-holder\"><div class=\"wp-block-getwid-section__background has-background\" style=\"background-color:#ebebeb\"><\/div><div class=\"wp-block-getwid-section__foreground\"><\/div><\/div><div class=\"wp-block-getwid-section__content\"><div class=\"wp-block-getwid-section__inner-content\">\n<h3 class=\"wp-block-heading has-text-align-center\">Dlaczego warto?<\/h3>\n\n\n\n<p class=\"has-text-align-center\"><strong><mark style=\"background-color:rgba(0, 0, 0, 0);color:#1f48ff\" class=\"has-inline-color\">Nowoczesne BHP, kt\u00f3re rozwija ludzi i chroni biznes<\/mark><\/strong><\/p>\n\n\n\n<div class=\"wp-block-columns has-3-columns is-layout-flex wp-container-core-columns-is-layout-9d6595d7 wp-block-columns-is-layout-flex\">\n<div class=\"wp-block-column is-layout-flow wp-block-column-is-layout-flow\">\n<h4 class=\"wp-block-heading\">Przedsi\u0119biorco zyskujesz:<\/h4>\n\n\n\n<ul class=\"wp-block-list\">\n<li>spokojn\u0105 g\u0142ow\u0119 przed kontrol\u0105,<\/li>\n\n\n\n<li>do\u015bwiadczonego eksperta,<\/li>\n\n\n\n<li>praktyczne rozwi\u0105zania,<\/li>\n\n\n\n<li>bezpieczne miejsce pracy,<\/li>\n\n\n\n<li>czas i miejsce na rozw\u00f3j twojej firmy,<\/li>\n\n\n\n<li>oszcz\u0119dno\u015b\u0107  na czasie i finansach.                                                    <\/li>\n<\/ul>\n<\/div>\n\n\n\n<div class=\"wp-block-column is-vertically-aligned-center is-layout-flow wp-block-column-is-layout-flow\">\n<h4 class=\"wp-block-heading has-text-align-left\">            Specjalisto zyskujesz:<\/h4>\n\n\n\n<ul class=\"wp-block-list\">\n<li>pewno\u015b\u0107 w dzia\u0142aniu,<\/li>\n\n\n\n<li>praktyczne wskaz\u00f3wki na start,<\/li>\n\n\n\n<li>bezpieczn\u0105 przestrze\u0144 na pytania,<\/li>\n\n\n\n<li>redukcj\u0119 stresu,<\/li>\n\n\n\n<li>rozw\u00f3j zawodowy,<\/li>\n\n\n\n<li>przewag\u0119 na rynku pracy.<\/li>\n<\/ul>\n<\/div>\n<\/div>\n\n\n\n<hr class=\"wp-block-separator has-alpha-channel-opacity\"\/>\n<\/div><\/div><\/div><\/div><\/div>\n\n\n\n<div class=\"wp-block-getwid-section alignfull alignfull getwid-section-content-custom-width\"><div class=\"wp-block-getwid-section__wrapper getwid-padding-left-medium getwid-padding-right-medium\" style=\"padding-top:80px;padding-bottom:20px\"><div class=\"wp-block-getwid-section__inner-wrapper\" style=\"max-width:1140px\"><div class=\"wp-block-getwid-section__background-holder\"><div class=\"wp-block-getwid-section__background has-background\" style=\"background-color:#ebebeb\"><\/div><div class=\"wp-block-getwid-section__foreground\"><\/div><\/div><div class=\"wp-block-getwid-section__content\"><div class=\"wp-block-getwid-section__inner-content\">\n<h3 class=\"wp-block-heading has-text-align-center\">Moje dodatkowe certyfikaty?<\/h3>\n\n\n\n<div class=\"wp-block-media-text is-stacked-on-mobile\"><figure class=\"wp-block-media-text__media\"><img loading=\"lazy\" decoding=\"async\" width=\"819\" height=\"1024\" src=\"https:\/\/wowbhp.pl\/wp-content\/uploads\/2025\/09\/certyfikaty-819x1024.jpg\" alt=\"\" class=\"wp-image-1129 size-full\" srcset=\"https:\/\/wowbhp.pl\/wp-content\/uploads\/2025\/09\/certyfikaty-819x1024.jpg 819w, https:\/\/wowbhp.pl\/wp-content\/uploads\/2025\/09\/certyfikaty-240x300.jpg 240w, https:\/\/wowbhp.pl\/wp-content\/uploads\/2025\/09\/certyfikaty-768x960.jpg 768w, https:\/\/wowbhp.pl\/wp-content\/uploads\/2025\/09\/certyfikaty.jpg 1080w\" sizes=\"auto, (max-width: 819px) 100vw, 819px\" \/><\/figure><div class=\"wp-block-media-text__content\">\n<ul class=\"wp-block-list\">\n<li>Pe\u0142nomocnik Systemu Zarzadzania wg normy ISO 9001:2015, ISO 14001:2015, ISO 45001:2018.<\/li>\n\n\n\n<li>Audytor wewn\u0119trzny Zintegrowanego Systemu Zarz\u0105dzania.<\/li>\n\n\n\n<li>Ratownik kwalifikowanej pierwszej pomocy.<\/li>\n\n\n\n<li>Inspektor ochrony przeciwpo\u017carowej.<\/li>\n\n\n\n<li>Bezpiecze\u0144stwo proces\u00f3w przemys\u0142owych.<\/li>\n\n\n\n<li>Wymagania stawiane analizom zagro\u017ce\u0144 HAZOP i LOPA.<\/li>\n<\/ul>\n<\/div><\/div>\n\n\n\n<hr class=\"wp-block-separator has-alpha-channel-opacity\"\/>\n<\/div><\/div><\/div><\/div><\/div>\n\n\n\n<p><\/p>\n\n\n\n<div class=\"wp-block-getwid-section alignfull alignfull getwid-section-content-custom-width\"><div class=\"wp-block-getwid-section__wrapper getwid-padding-left-medium getwid-padding-right-medium\" style=\"padding-top:80px;padding-bottom:0px\"><div class=\"wp-block-getwid-section__inner-wrapper\" style=\"max-width:1140px\"><div class=\"wp-block-getwid-section__background-holder\"><div class=\"wp-block-getwid-section__background has-background\" style=\"background-color:#ebebeb\"><\/div><div class=\"wp-block-getwid-section__foreground\" style=\"opacity:0;background-color:#ffffff\"><\/div><\/div><div class=\"wp-block-getwid-section__content\"><div class=\"wp-block-getwid-section__inner-content\">\n<h3 class=\"wp-block-heading has-text-align-center\">Co Klienci m\u00f3wi\u0105 o mnie<\/h3>\n\n\n\n<div class=\"wp-block-getwid-advanced-spacer\" style=\"height:50px\" aria-hidden=\"true\"><\/div>\n\n\n\n<div class=\"wp-block-columns has-2-columns is-layout-flex wp-container-core-columns-is-layout-9d6595d7 wp-block-columns-is-layout-flex\">\n<div class=\"wp-block-column is-layout-flow wp-block-column-is-layout-flow\">\n<div class=\"wp-block-getwid-testimonial has-image\"><div class=\"wp-block-getwid-testimonial__wrapper\"><div class=\"wp-block-getwid-testimonial__content-wrapper\"><p class=\"wp-block-getwid-testimonial__content\">Lorem ipsum dolor sit amet, consectetur adipiscing elit, sed do eiusmod tempor incididunt ut labore et dolore magna aliqua. Feugiat scelerisque varius morbi enim nunc.<\/p><\/div><div class=\"wp-block-getwid-testimonial__header\"><div class=\"wp-block-getwid-testimonial__image-wrapper\"><div class=\"wp-block-getwid-testimonial__image\"><img decoding=\"async\" src=\"https:\/\/cgw.motopress.com\/wp-content\/uploads\/2019\/11\/person-5.jpg\" alt=\"\"\/><\/div><\/div><div class=\"wp-block-getwid-testimonial__heading\"><span class=\"wp-block-getwid-testimonial__title\"><strong>Jane Bakken<\/strong><\/span><span class=\"wp-block-getwid-testimonial__subtitle\"><span style=\"color:#47cfa9\" class=\"has-inline-color\">Klient<\/span><\/span><\/div><\/div><\/div><\/div>\n\n\n\n<div class=\"wp-block-getwid-testimonial has-image\"><div class=\"wp-block-getwid-testimonial__wrapper\"><div class=\"wp-block-getwid-testimonial__content-wrapper\"><p class=\"wp-block-getwid-testimonial__content\">Lorem ipsum dolor sit amet, consectetur adipiscing elit, sed do eiusmod tempor incididunt ut labore et dolore magna aliqua. Feugiat scelerisque varius morbi enim nunc.<\/p><\/div><div class=\"wp-block-getwid-testimonial__header\"><div class=\"wp-block-getwid-testimonial__image-wrapper\"><div class=\"wp-block-getwid-testimonial__image\"><img decoding=\"async\" src=\"https:\/\/cgw.motopress.com\/wp-content\/uploads\/2019\/11\/person-5.jpg\" alt=\"\"\/><\/div><\/div><div class=\"wp-block-getwid-testimonial__heading\"><span class=\"wp-block-getwid-testimonial__title\"><strong>Jane Bakken<\/strong><\/span><span class=\"wp-block-getwid-testimonial__subtitle\"><span style=\"color:#47cfa9\" class=\"has-inline-color\">Klient<\/span><\/span><\/div><\/div><\/div><\/div>\n\n\n\n<div style=\"height:60px\" aria-hidden=\"true\" class=\"wp-block-spacer\"><\/div>\n<\/div>\n\n\n\n<div class=\"wp-block-column is-layout-flow wp-block-column-is-layout-flow\">\n<div class=\"wp-block-getwid-testimonial has-image\"><div class=\"wp-block-getwid-testimonial__wrapper\"><div class=\"wp-block-getwid-testimonial__content-wrapper\"><p class=\"wp-block-getwid-testimonial__content\">Egestas quis ipsum suspendisse ultrices gravida dictum. Amet nisl purus in mollis nunc sed id semper risus. Dictum non consectetur a erat nam at. Curabitur vitae nunc sed velit dignissim.<\/p><\/div><div class=\"wp-block-getwid-testimonial__header\"><div class=\"wp-block-getwid-testimonial__image-wrapper\"><div class=\"wp-block-getwid-testimonial__image\"><img decoding=\"async\" src=\"https:\/\/cgw.motopress.com\/wp-content\/uploads\/2019\/11\/person-7.jpg\" alt=\"\"\/><\/div><\/div><div class=\"wp-block-getwid-testimonial__heading\"><span class=\"wp-block-getwid-testimonial__title\"><strong>James Doe<\/strong><\/span><span class=\"wp-block-getwid-testimonial__subtitle\"><span style=\"color:#47cfa9\" class=\"has-inline-color\">Klient<\/span><\/span><\/div><\/div><\/div><\/div>\n\n\n\n<div class=\"wp-block-getwid-testimonial has-image\"><div class=\"wp-block-getwid-testimonial__wrapper\"><div class=\"wp-block-getwid-testimonial__content-wrapper\"><p class=\"wp-block-getwid-testimonial__content\">Egestas quis ipsum suspendisse ultrices gravida dictum. Amet nisl purus in mollis nunc sed id semper risus. Dictum non consectetur a erat nam at. Curabitur vitae nunc sed velit dignissim.<\/p><\/div><div class=\"wp-block-getwid-testimonial__header\"><div class=\"wp-block-getwid-testimonial__image-wrapper\"><div class=\"wp-block-getwid-testimonial__image\"><img decoding=\"async\" src=\"https:\/\/cgw.motopress.com\/wp-content\/uploads\/2019\/11\/person-7.jpg\" alt=\"\"\/><\/div><\/div><div class=\"wp-block-getwid-testimonial__heading\"><span class=\"wp-block-getwid-testimonial__title\"><strong>James Doe<\/strong><\/span><span class=\"wp-block-getwid-testimonial__subtitle\"><span style=\"color:#47cfa9\" class=\"has-inline-color\">Klient<\/span><\/span><\/div><\/div><\/div><\/div>\n\n\n\n<div style=\"height:60px\" aria-hidden=\"true\" class=\"wp-block-spacer\"><\/div>\n<\/div>\n<\/div>\n\n\n\n<hr class=\"wp-block-separator has-alpha-channel-opacity\"\/>\n<\/div><\/div><\/div><\/div><\/div>\n\n\n\n<div class=\"wp-block-getwid-section getwid-section-content-full-width\"><div class=\"wp-block-getwid-section__wrapper getwid-padding-top-none getwid-padding-bottom-none getwid-padding-left-none getwid-padding-right-none\"><div class=\"wp-block-getwid-section__inner-wrapper\"><div class=\"wp-block-getwid-section__background-holder\"><div class=\"wp-block-getwid-section__background\"><\/div><div class=\"wp-block-getwid-section__foreground\"><\/div><\/div><div class=\"wp-block-getwid-section__content\"><div class=\"wp-block-getwid-section__inner-content\"><\/div><\/div><\/div><\/div><\/div>\n\n\n\n<div class=\"wp-block-getwid-section alignfull alignfull getwid-section-content-custom-width\"><div class=\"wp-block-getwid-section__wrapper getwid-padding-left-medium getwid-padding-right-medium\" style=\"padding-top:50px;padding-bottom:0px\"><div class=\"wp-block-getwid-section__inner-wrapper\" style=\"max-width:1140px\"><div class=\"wp-block-getwid-section__background-holder\"><div class=\"wp-block-getwid-section__background has-background\" style=\"background-color:#ebebeb\"><\/div><div class=\"wp-block-getwid-section__foreground\"><\/div><\/div><div class=\"wp-block-getwid-section__content\"><div class=\"wp-block-getwid-section__inner-content\">\n<div class=\"wp-block-columns is-layout-flex wp-container-core-columns-is-layout-9d6595d7 wp-block-columns-is-layout-flex\">\n<div class=\"wp-block-column is-layout-flow wp-block-column-is-layout-flow\">\n<p class=\"has-text-align-center has-black-color has-text-color has-link-color wp-elements-13c44d3bf1bc22b61c7948d685634020\">Masz pytania?<br><strong><mark style=\"background-color:rgba(0, 0, 0, 0);color:#1f48ff\" class=\"has-inline-color\">biuro@wowbhp.pl<\/mark><\/strong><\/p>\n<\/div>\n\n\n\n<div class=\"wp-block-column is-layout-flow wp-block-column-is-layout-flow\">\n<p class=\"has-text-align-center has-black-color has-text-color has-link-color wp-elements-a5dee875dfd3ae75ff8aba64546112d7\">Zadzwo\u0144 i zapisz si\u0119<br><strong><mark style=\"background-color:rgba(0, 0, 0, 0);color:#1f48ff\" class=\"has-inline-color\">+48 662042377<\/mark><\/strong><\/p>\n<\/div>\n<\/div>\n<\/div><\/div><\/div><\/div><\/div>\n\n\n\n<p><\/p>\n","protected":false},"excerpt":{"rendered":"","protected":false},"author":1,"featured_media":0,"parent":0,"menu_order":0,"comment_status":"closed","ping_status":"closed","template":"","meta":{"footnotes":""},"class_list":["post-294","page","type-page","status-publish","hentry"],"_links":{"self":[{"href":"https:\/\/wowbhp.pl\/index.php?rest_route=\/wp\/v2\/pages\/294","targetHints":{"allow":["GET"]}}],"collection":[{"href":"https:\/\/wowbhp.pl\/index.php?rest_route=\/wp\/v2\/pages"}],"about":[{"href":"https:\/\/wowbhp.pl\/index.php?rest_route=\/wp\/v2\/types\/page"}],"author":[{"embeddable":true,"href":"https:\/\/wowbhp.pl\/index.php?rest_route=\/wp\/v2\/users\/1"}],"replies":[{"embeddable":true,"href":"https:\/\/wowbhp.pl\/index.php?rest_route=%2Fwp%2Fv2%2Fcomments&post=294"}],"version-history":[{"count":35,"href":"https:\/\/wowbhp.pl\/index.php?rest_route=\/wp\/v2\/pages\/294\/revisions"}],"predecessor-version":[{"id":1164,"href":"https:\/\/wowbhp.pl\/index.php?rest_route=\/wp\/v2\/pages\/294\/revisions\/1164"}],"wp:attachment":[{"href":"https:\/\/wowbhp.pl\/index.php?rest_route=%2Fwp%2Fv2%2Fmedia&parent=294"}],"curies":[{"name":"wp","href":"https:\/\/api.w.org\/{rel}","templated":true}]}}