{"id":933,"date":"2025-09-22T15:39:50","date_gmt":"2025-09-22T13:39:50","guid":{"rendered":"https:\/\/wowbhp.pl\/?page_id=933"},"modified":"2025-09-24T15:52:48","modified_gmt":"2025-09-24T13:52:48","slug":"uslugi","status":"publish","type":"page","link":"https:\/\/wowbhp.pl\/?page_id=933","title":{"rendered":"Us\u0142ugi"},"content":{"rendered":"\n<div class=\"wp-block-getwid-section alignfull alignfull getwid-section-content-custom-width\"><div class=\"wp-block-getwid-section__wrapper getwid-padding-bottom-none getwid-padding-left-medium getwid-padding-right-medium\" style=\"padding-top:80px\"><div class=\"wp-block-getwid-section__inner-wrapper\" style=\"max-width:1140px\"><div class=\"wp-block-getwid-section__background-holder\"><div class=\"wp-block-getwid-section__background\"><\/div><div class=\"wp-block-getwid-section__foreground\"><\/div><\/div><div class=\"wp-block-getwid-section__content\"><div class=\"wp-block-getwid-section__inner-content\">\n<div class=\"wp-block-columns are-vertically-aligned-top is-layout-flex wp-container-core-columns-is-layout-9d6595d7 wp-block-columns-is-layout-flex\">\n<div class=\"wp-block-column is-vertically-aligned-top is-layout-flow wp-block-column-is-layout-flow\" style=\"flex-basis:33.33%\">\n<figure class=\"wp-block-image size-large roundedimg\"><img decoding=\"async\" src=\"https:\/\/wowbhp.pl\/wp-content\/uploads\/2022\/09\/proud-young-girl-with-car-license-1.jpg\" alt=\"\" class=\"wp-image-788\"\/><\/figure>\n\n\n\n<div style=\"height:60px\" aria-hidden=\"true\" class=\"wp-block-spacer\"><\/div>\n<\/div>\n\n\n\n<div class=\"wp-block-column is-vertically-aligned-top is-layout-flow wp-block-column-is-layout-flow\" style=\"flex-basis:66.66%\">\n<div class=\"wp-block-getwid-advanced-heading\"><span class=\"wp-block-getwid-advanced-heading__content has-text-color\" style=\"color:#1f48ff\"><strong>Nasze us\u0142ugi<\/strong><\/span><\/div>\n\n\n\n<h2 class=\"wp-block-heading\">Co mo\u017cemy dla Ciebie zrobi\u0107?<\/h2>\n\n\n\n<div style=\"height:30px\" aria-hidden=\"true\" class=\"wp-block-spacer\"><\/div>\n\n\n\n<p>Lorem ipsum dolor sit amet, consectetur adipiscing elit. Integer auctor nulla quis facilisis lacinia. Etiam sagittis enim sollicitudin ex laoreet, ac faucibus leo euismod. Mauris sit amet tellus consectetur, vestibulum felis vitae, auctor magna. <\/p>\n\n\n\n<p>Nulla nec porta augue. Donec nunc dui, convallis at egestas quis, bibendum sed dui. Morbi quis metus justo. <\/p>\n\n\n\n<div class=\"wp-block-buttons is-layout-flex wp-block-buttons-is-layout-flex\">\n<div class=\"wp-block-button\"><a class=\"wp-block-button__link has-background wp-element-button\" href=\"https:\/\/szablon.pawelkepa.pl\/demo6\/kontakt\/\" style=\"border-radius:1px;background-color:#1f48ff\"><strong>Um\u00f3w darmow\u0105 konsultacj\u0119<\/strong><\/a><\/div>\n<\/div>\n\n\n\n<div style=\"height:60px\" aria-hidden=\"true\" class=\"wp-block-spacer\"><\/div>\n<\/div>\n<\/div>\n<\/div><\/div><\/div><\/div><\/div>\n\n\n\n<div class=\"wp-block-getwid-section getwid-section-content-full-width\"><div class=\"wp-block-getwid-section__wrapper getwid-padding-top-none getwid-padding-bottom-none getwid-padding-left-none getwid-padding-right-none\"><div class=\"wp-block-getwid-section__inner-wrapper\"><div class=\"wp-block-getwid-section__background-holder\"><div class=\"wp-block-getwid-section__background\"><\/div><div class=\"wp-block-getwid-section__foreground\"><\/div><\/div><div class=\"wp-block-getwid-section__content\"><div class=\"wp-block-getwid-section__inner-content\"><\/div><\/div><\/div><\/div><\/div>\n\n\n\n<div class=\"wp-block-getwid-section alignfull treningzywienie alignfull getwid-section-content-custom-width\"><div class=\"wp-block-getwid-section__wrapper getwid-padding-left-medium getwid-padding-right-medium\" style=\"padding-top:80px\"><div class=\"wp-block-getwid-section__inner-wrapper\" style=\"max-width:1140px\"><div class=\"wp-block-getwid-section__background-holder\"><div class=\"wp-block-getwid-section__background has-background\" style=\"background-color:#fffaec\"><\/div><div class=\"wp-block-getwid-section__foreground\"><\/div><\/div><div class=\"wp-block-getwid-section__content\"><div class=\"wp-block-getwid-section__inner-content\">\n<div class=\"wp-block-getwid-advanced-heading\" style=\"margin-bottom:0px;margin-top:0px\"><span class=\"wp-block-getwid-advanced-heading__content has-text-color\" style=\"text-align:center;color:#1f48ff\"><strong>Nasze kursy<\/strong><\/span><\/div>\n\n\n\n<div class=\"wp-block-getwid-advanced-heading\" style=\"margin-bottom:30px;margin-top:10px\"><h2 class=\"wp-block-getwid-advanced-heading__content\" style=\"text-align:center\">Wybierz kategori\u0119<\/h2><\/div>\n\n\n\n<div class=\"wp-block-getwid-advanced-spacer\" style=\"height:40px\" aria-hidden=\"true\"><\/div>\n\n\n\n<div class=\"wp-block-columns has-3-columns is-layout-flex wp-container-core-columns-is-layout-9d6595d7 wp-block-columns-is-layout-flex\">\n<div class=\"wp-block-column is-layout-flow wp-block-column-is-layout-flow\"><div class=\"wp-block-image is-resized is-style-rounded\">\n<figure class=\"aligncenter size-large\"><img loading=\"lazy\" decoding=\"async\" width=\"1024\" height=\"1024\" src=\"https:\/\/wowbhp.pl\/wp-content\/uploads\/2025\/09\/Pakiet-spokojna-glowa-1024x1024.jpg\" alt=\"\" class=\"wp-image-1034\" srcset=\"https:\/\/wowbhp.pl\/wp-content\/uploads\/2025\/09\/Pakiet-spokojna-glowa-1024x1024.jpg 1024w, https:\/\/wowbhp.pl\/wp-content\/uploads\/2025\/09\/Pakiet-spokojna-glowa-300x300.jpg 300w, https:\/\/wowbhp.pl\/wp-content\/uploads\/2025\/09\/Pakiet-spokojna-glowa-150x150.jpg 150w, https:\/\/wowbhp.pl\/wp-content\/uploads\/2025\/09\/Pakiet-spokojna-glowa-768x768.jpg 768w, https:\/\/wowbhp.pl\/wp-content\/uploads\/2025\/09\/Pakiet-spokojna-glowa.jpg 1080w\" sizes=\"auto, (max-width: 1024px) 100vw, 1024px\" \/><\/figure>\n<\/div>\n\n\n<div class=\"wp-block-getwid-advanced-heading\"><h4 class=\"wp-block-getwid-advanced-heading__content\" style=\"text-align:center\">Pakiet<br> dla Firm<\/h4><\/div>\n\n\n\n<p class=\"has-text-align-center\"> Ligula ullamcorper malesuada proin libero. Nulla aliquet enim tortor at auctor.<\/p>\n\n\n\n<div class=\"wp-block-getwid-price-box\"><div class=\"wp-block-getwid-price-box__pricing\"><p class=\"wp-block-getwid-price-box__currency\">PLN<\/p><p class=\"wp-block-getwid-price-box__amount\">4497<\/p><\/div><ul class=\"wp-block-getwid-price-box__features\"><li>10 godzin teorii<\/li><li>20 godzin praktyki<\/li><li>materia\u0142y do nauki<\/li><li>egzamin<\/li><\/ul>\n<div class=\"wp-block-button\"><a class=\"wp-block-button__link has-background wp-element-button\" style=\"border-radius:1px;background-color:#1f48ff\"><strong>Wybierz<\/strong><\/a><\/div>\n<\/div>\n\n\n\n<div style=\"height:50px\" aria-hidden=\"true\" class=\"wp-block-spacer\"><\/div>\n<\/div>\n\n\n\n<div class=\"wp-block-column is-layout-flow wp-block-column-is-layout-flow\"><div class=\"wp-block-image is-resized is-style-rounded\">\n<figure class=\"aligncenter size-large\"><img loading=\"lazy\" decoding=\"async\" width=\"1024\" height=\"1024\" src=\"https:\/\/wowbhp.pl\/wp-content\/uploads\/2025\/09\/Pakiet-Mistrz-i-Adept-1024x1024.jpg\" alt=\"\" class=\"wp-image-1035\" srcset=\"https:\/\/wowbhp.pl\/wp-content\/uploads\/2025\/09\/Pakiet-Mistrz-i-Adept-1024x1024.jpg 1024w, https:\/\/wowbhp.pl\/wp-content\/uploads\/2025\/09\/Pakiet-Mistrz-i-Adept-300x300.jpg 300w, https:\/\/wowbhp.pl\/wp-content\/uploads\/2025\/09\/Pakiet-Mistrz-i-Adept-150x150.jpg 150w, https:\/\/wowbhp.pl\/wp-content\/uploads\/2025\/09\/Pakiet-Mistrz-i-Adept-768x768.jpg 768w, https:\/\/wowbhp.pl\/wp-content\/uploads\/2025\/09\/Pakiet-Mistrz-i-Adept.jpg 1080w\" sizes=\"auto, (max-width: 1024px) 100vw, 1024px\" \/><\/figure>\n<\/div>\n\n\n<div class=\"wp-block-getwid-advanced-heading\"><h4 class=\"wp-block-getwid-advanced-heading__content\" style=\"text-align:center\">Pakiet<br> dla Specjalisty<\/h4><\/div>\n\n\n\n<p class=\"has-text-align-center\"> Nulla aliquet enim tortor at auctor urna nunc id cursus.<\/p>\n\n\n\n<div class=\"wp-block-getwid-price-box\"><div class=\"wp-block-getwid-price-box__pricing\"><p class=\"wp-block-getwid-price-box__currency\">PLN<\/p><p class=\"wp-block-getwid-price-box__amount\">1997<\/p><\/div><ul class=\"wp-block-getwid-price-box__features\"><li>10 godzin teorii<\/li><li>20 godzin praktyki<\/li><li>materia\u0142y do nauki<\/li><li>egzamin<\/li><\/ul>\n<div class=\"wp-block-button\"><a class=\"wp-block-button__link has-background wp-element-button\" style=\"border-radius:1px;background-color:#1f48ff\"><strong>Wybierz<\/strong><\/a><\/div>\n<\/div>\n\n\n\n<div style=\"height:50px\" aria-hidden=\"true\" class=\"wp-block-spacer\"><\/div>\n<\/div>\n\n\n\n<div class=\"wp-block-column is-layout-flow wp-block-column-is-layout-flow\"><div class=\"wp-block-image is-resized is-style-rounded\">\n<figure class=\"aligncenter size-large\"><img loading=\"lazy\" decoding=\"async\" width=\"1024\" height=\"1024\" src=\"https:\/\/wowbhp.pl\/wp-content\/uploads\/2025\/09\/Pakiet-Starter-Pack-1024x1024.jpg\" alt=\"\" class=\"wp-image-1036\" srcset=\"https:\/\/wowbhp.pl\/wp-content\/uploads\/2025\/09\/Pakiet-Starter-Pack-1024x1024.jpg 1024w, https:\/\/wowbhp.pl\/wp-content\/uploads\/2025\/09\/Pakiet-Starter-Pack-300x300.jpg 300w, https:\/\/wowbhp.pl\/wp-content\/uploads\/2025\/09\/Pakiet-Starter-Pack-150x150.jpg 150w, https:\/\/wowbhp.pl\/wp-content\/uploads\/2025\/09\/Pakiet-Starter-Pack-768x768.jpg 768w, https:\/\/wowbhp.pl\/wp-content\/uploads\/2025\/09\/Pakiet-Starter-Pack.jpg 1080w\" sizes=\"auto, (max-width: 1024px) 100vw, 1024px\" \/><\/figure>\n<\/div>\n\n\n<div class=\"wp-block-getwid-advanced-heading\"><h4 class=\"wp-block-getwid-advanced-heading__content\" style=\"text-align:center\">Pakiet<br> dokument\u00f3w BHP <\/h4><\/div>\n\n\n\n<p class=\"has-text-align-center\"> Nunc faucibus a pellentesque sit amet. Et pharetra pharetra massa.<\/p>\n\n\n\n<div class=\"wp-block-getwid-price-box\"><div class=\"wp-block-getwid-price-box__pricing\"><p class=\"wp-block-getwid-price-box__currency\">PLN<\/p><p class=\"wp-block-getwid-price-box__amount\">1497<\/p><\/div><ul class=\"wp-block-getwid-price-box__features\"><li>10 godzin teorii<\/li><li>20 godzin praktyki<\/li><li>materia\u0142y do nauki<\/li><li>egzamin<\/li><\/ul>\n<div class=\"wp-block-button\"><a class=\"wp-block-button__link has-background wp-element-button\" style=\"border-radius:1px;background-color:#1f48ff\"><strong>Wybierz<\/strong><\/a><\/div>\n<\/div>\n\n\n\n<div style=\"height:50px\" aria-hidden=\"true\" class=\"wp-block-spacer\"><\/div>\n<\/div>\n<\/div>\n<\/div><\/div><\/div><\/div><\/div>\n\n\n\n<div class=\"wp-block-getwid-section alignfull treningzywienie alignfull getwid-section-content-custom-width\"><div class=\"wp-block-getwid-section__wrapper getwid-padding-left-medium getwid-padding-right-medium\" style=\"padding-top:80px\"><div class=\"wp-block-getwid-section__inner-wrapper\" style=\"max-width:1140px\"><div class=\"wp-block-getwid-section__background-holder\"><div class=\"wp-block-getwid-section__background has-background\" style=\"background-color:#ebebeb\"><\/div><div class=\"wp-block-getwid-section__foreground\"><\/div><\/div><div class=\"wp-block-getwid-section__content\"><div class=\"wp-block-getwid-section__inner-content\">\n<h3 class=\"wp-block-heading has-text-align-left\"><strong><mark style=\"background-color:rgba(0, 0, 0, 0);color:#1f48ff\" class=\"has-inline-color\">Gotowy?<\/mark><br><\/strong><mark style=\"background-color:rgba(0, 0, 0, 0);color:#1f48ff\" class=\"has-inline-color\"><strong>Masz 15 minut?<\/strong><\/mark><\/h3>\n\n\n\n<div class=\"wp-block-group is-nowrap is-layout-flex wp-container-core-group-is-layout-ad2f72ca wp-block-group-is-layout-flex\">\n<div class=\"wp-block-getwid-advanced-heading\" style=\"margin-bottom:30px;margin-top:10px\"><h2 class=\"wp-block-getwid-advanced-heading__content\" style=\"text-align:left\"><mark style=\"background-color:rgba(0, 0, 0, 0);color:#1f48ff\" class=\"has-inline-color\">Zadzwo\u0144 na darmow\u0105 konsultacj\u0119<\/mark>                                       <\/h2><\/div>\n\n\n\n<figure class=\"wp-block-image size-full is-resized\"><img loading=\"lazy\" decoding=\"async\" width=\"500\" height=\"500\" src=\"https:\/\/wowbhp.pl\/wp-content\/uploads\/2025\/09\/Projekt-bez-nazwy-1.png\" alt=\"\" class=\"wp-image-1053\" style=\"width:351px;height:auto\" srcset=\"https:\/\/wowbhp.pl\/wp-content\/uploads\/2025\/09\/Projekt-bez-nazwy-1.png 500w, https:\/\/wowbhp.pl\/wp-content\/uploads\/2025\/09\/Projekt-bez-nazwy-1-300x300.png 300w, https:\/\/wowbhp.pl\/wp-content\/uploads\/2025\/09\/Projekt-bez-nazwy-1-150x150.png 150w\" sizes=\"auto, (max-width: 500px) 100vw, 500px\" \/><\/figure>\n<\/div>\n<\/div><\/div><\/div><\/div><\/div>\n\n\n\n<div class=\"wp-block-columns is-layout-flex wp-container-core-columns-is-layout-9d6595d7 wp-block-columns-is-layout-flex\">\n<div class=\"wp-block-column is-layout-flow wp-block-column-is-layout-flow\"><\/div>\n<\/div>\n\n\n\n<p><\/p>\n","protected":false},"excerpt":{"rendered":"","protected":false},"author":1,"featured_media":1051,"parent":0,"menu_order":0,"comment_status":"closed","ping_status":"closed","template":"","meta":{"footnotes":""},"class_list":["post-933","page","type-page","status-publish","has-post-thumbnail","hentry"],"_links":{"self":[{"href":"https:\/\/wowbhp.pl\/index.php?rest_route=\/wp\/v2\/pages\/933","targetHints":{"allow":["GET"]}}],"collection":[{"href":"https:\/\/wowbhp.pl\/index.php?rest_route=\/wp\/v2\/pages"}],"about":[{"href":"https:\/\/wowbhp.pl\/index.php?rest_route=\/wp\/v2\/types\/page"}],"author":[{"embeddable":true,"href":"https:\/\/wowbhp.pl\/index.php?rest_route=\/wp\/v2\/users\/1"}],"replies":[{"embeddable":true,"href":"https:\/\/wowbhp.pl\/index.php?rest_route=%2Fwp%2Fv2%2Fcomments&post=933"}],"version-history":[{"count":11,"href":"https:\/\/wowbhp.pl\/index.php?rest_route=\/wp\/v2\/pages\/933\/revisions"}],"predecessor-version":[{"id":1183,"href":"https:\/\/wowbhp.pl\/index.php?rest_route=\/wp\/v2\/pages\/933\/revisions\/1183"}],"wp:featuredmedia":[{"embeddable":true,"href":"https:\/\/wowbhp.pl\/index.php?rest_route=\/wp\/v2\/media\/1051"}],"wp:attachment":[{"href":"https:\/\/wowbhp.pl\/index.php?rest_route=%2Fwp%2Fv2%2Fmedia&parent=933"}],"curies":[{"name":"wp","href":"https:\/\/api.w.org\/{rel}","templated":true}]}}